re the prime factors of i?
2, 3, 13
Let m = -22575 - -32256. List the prime factors of m.
3, 7, 461
Let c = 33058 - 18672. What are the prime factors of c?
2, 7193
Suppose 0 = 4*j + w + 12, 5*j - 2*w = -3*w - 15. Let m be (5 - 3) + (-339)/j. Suppose -808 = -4*y - 2*l, -2*y + 3*l = -281 - m. What are the prime factors of y?
3, 67
Let l = 4765 - 3084. What are the prime factors of l?
41
Suppose 3*f + 4*n - 117898 = 40515, 4*f + n = 211239. List the prime factors of f.
11, 4801
Let w(f) = 2*f**3 - 14*f**2 + 33*f - 29. Let d be w(13). Suppose 8*r + 3*i + d = 12*r, -2*r + i + 1216 = 0. What are the prime factors of r?
2, 5, 61
Suppose -c - 4*s - 7 = s, 5*c + 4*s = 7. Let j be 2*2/6*2*c. Let q(w) = 54*w - 14. What are the prime factors of q(j)?
2, 101
Let a(d) = 8*d**2 + 10*d - 4. Let h be (2/10*18)/((-6)/(-15)). List the prime factors of a(h).
2, 367
Suppose -88*g = -64*g + 384. What are the prime factors of 6/4 + g/((-64)/2646)?
3, 13, 17
Let v = -6322 - -9331. What are the prime factors of v?
3, 17, 59
Let s(h) = -h**3 + h**2 + h + 47. Let l be 8/(-24) - 1/(-3). Let x be s(l). Suppose x = 4*r - 3*r. List the prime factors of r.
47
Let x be (-123)/(-15)*(7 - 2). Let u = x + -37. Suppose -u*z + z + 5*t = -184, 0 = -4*t + 16. What are the prime factors of z?
2, 17
Suppose -97*f = -106*f + 89991. List the prime factors of f.
3, 11, 101
Let b = -181 + 364. Let r = 207 + -293. Let k = b + r. What are the prime factors of k?
97
Let g = -2282 - -3925. Suppose -2*d + 879 = -4*w - g, 2*d = -w + 2497. What are the prime factors of d?
3, 139
Suppose 0 = -5*x + x - 24. Let p(v) = -5*v**3 - 9*v**2 - 8*v - 20. Let s be p(x). Suppose -19*u + s = -12*u. List the prime factors of u.
2, 7
Suppose -38704 = 150*d - 191*d. List the prime factors of d.
2, 59
Suppose -a + j + 97 = 0, -3*a - 89 = -4*a + 5*j. Let u(i) = -i**3 - 15*i**2 - 17*i - 35. Let c be u(-14). Let g = a - c. What are the prime factors of g?
2, 23
Let k(u) = -4*u**2 + 43*u - 224. Let l(n) = -n**2 + 11*n - 56. Let z(j) = 2*k(j) - 9*l(j). List the prime factors of z(22).
2, 127
Let z be 3 - (-1)/((-1)/(-11)). Let d = z - -22. Suppose p - x = 35, -4*x - 11 = p - d. List the prime factors of p.
3, 11
Let b be (0/(-4))/(1 + (-12)/3). Suppose 0*i = -3*i - 5*k + 1890, -k = b. What are the prime factors of i?
2, 3, 5, 7
Let x be ((-1)/3)/((-1)/3). Suppose -6*q = -4*q + 3*k - 174, 0 = -3*q + 3*k + 231. List the prime factors of x/(-3) + (-9)/(q/(-174)).
19
Suppose v - 4*v = -72. Suppose 14*w = 9*w + 5*h + 9705, 0 = -h. What are the prime factors of w/18 + 4/v?
2, 3
Let x be (-14)/6*6/(-2). Suppose -4*l + 71 = x. List the prime factors of l.
2
Let x(k) = -5*k**3 + 3*k**2 - 14*k + 15. What are the prime factors of x(-10)?
5, 1091
Suppose 20 = 5*w - 15. Let y(l) = l**3 - 4*l**2 - 11*l + 14. Let o be y(w). Suppose -7*i + i = -o. List the prime factors of i.
2, 7
Suppose 4*g - 54868 = -2*r, -3*r = -2*g - g + 41142. List the prime factors of ((24/(-9))/(-4))/(24/g).
3, 127
Suppose -215*k - 219*k - 193641 = -441*k. What are the prime factors of k?
3, 9221
Suppose 3*z = -5*l + 19594, 123*l + 3*z = 127*l - 15686. List the prime factors of l.
2, 5, 7
Suppose -s + 47946 = 2*a - 2938, -12*s = 3*a - 76263. What are the prime factors of a?
5, 7, 727
Suppose 0 = -9*k + 22*k + 52. What are the prime factors of (-24)/k - (-592 - 2)?
2, 3, 5
Let b(q) = q**3 - 22*q**2 - 54*q + 68. Let j be b(28). Suppose 57*k - j = 52*k. What are the prime factors of k?
2, 163
Let m = -40 + 49. Let c(r) = -4*r**2 - r**3 + r + 12*r**2 + 11 - m*r. List the prime factors of c(5).
2, 23
Let y(u) be the third derivative of 7*u**6/120 - u**5/5 + 3*u**4/8 - 2*u**3/3 + 107*u**2. List the prime factors of y(5).
2, 7, 11
Suppose -3*u = -12, 422 = q - 4*u + 114. What are the prime factors of ((-189)/54)/((-2)/q)?
3, 7
Let q be 7/(-20 + 13) + -220. Let m be (-1)/((-2)/(-278)) + -1. Let s = m - q. What are the prime factors of s?
3
Let k = 5447 + -1462. List the prime factors of k.
5, 797
Let w = -107 - -125. Suppose -7*f - w = -13*f. List the prime factors of f.
3
Let t = 36502 - 16542. Suppose 5*n = -15*n + t. What are the prime factors of n?
2, 499
Suppose 3*q - 2 = -2*n, 1 = 7*q - 2*q + n. Suppose q = 2*w + 31 - 11. List the prime factors of (985/w)/((-5)/10).
197
Let h(o) = -6*o**3 - 3*o**2 - o + 1. Let j be h(-1). Suppose 3*p - j*s = -p + 1497, 0 = 2*p + s - 731. Suppose 17*g + p = 21*g. What are the prime factors of g?
2, 23
Let y = 34 + -20. Suppose -i - y = -5*o, 2*o = -o + 2*i + 14. Suppose -4*b + o*b = -52. List the prime factors of b.
2, 13
Let a be ((-10)/(-6))/((-2)/(-5706)). Suppose -k = 4*q - a, 4*k = 3*q - 4*q + 1200. What are the prime factors of 1/(-4 + q/296)?
2, 37
Let f(s) be the second derivative of -s**4/12 - 10*s**3/3 + 9*s**2/2 - s. Let x be f(-15). Suppose -147 = -3*m + x. What are the prime factors of m?
7, 11
Suppose 95691 = 3*z + 5*p, -5*z - 5*p + 172368 = 12873. What are the prime factors of z?
2, 3, 13, 409
Suppose -3*l - 3377 = -4*o - 20652, -2*l - 4*o + 11510 = 0. List the prime factors of l.
3, 19, 101
Suppose -a - 4*a + 37825 = 0. What are the prime factors of a?
5, 17, 89
Suppose -3*j = -45 - 42. Suppose -27*h + 42 = -j*h. List the prime factors of ((-158)/6)/(7/h).
79
Suppose 2*r - 167790 = 275*l - 279*l, -r = -4*l - 83865. List the prime factors of r.
5, 19, 883
Let w be 2112/(-42) - 6/(-21). Let a = w + 55. Suppose 3*k + a*k - 1048 = 0. List the prime factors of k.
131
Let t be 1924/(-6)*18/(-4). Suppose t + 2667 = 5*o + 2*w, -805 = -o + 3*w. What are the prime factors of o?
2, 5, 41
Let v(z) = 9*z**2 - 127*z - 77. List the prime factors of v(53).
7, 13, 29
Let a be (-1)/(((-27)/(-12))/(-9)). Suppose 0 = -4*x - 3*o + 133 + 445, 0 = a*o + 8. Let i = x - 84. What are the prime factors of i?
2, 31
Suppose 8*r = 12*r + 12, -1227 = -d + r. Suppose -1609 = -2*c + 3*v, 4*c + v - 1973 = d. What are the prime factors of c?
2, 5
Let b = 3197 + 1857. List the prime factors of b.
2, 7, 19
Let g(u) = 7 + 24 + 4*u + 0. Suppose 107*f + 1807 = 246*f. List the prime factors of g(f).
83
Let y(r) = 43*r**2 - 237*r - 28. List the prime factors of y(34).
2, 3, 7, 991
Let w be ((-1459)/4)/(31/(-124)). Suppose 13*m - w + 562 = 0. List the prime factors of m.
3, 23
Let c = -74854 + 117440. List the prime factors of c.
2, 107, 199
Let n = 140 - -363. Let w = -44 + n. What are the prime factors of w?
3, 17
Suppose -2*z = -x - 57912, -z + 28935 = 10*x - 7*x. What are the prime factors of z?
3, 3217
Let a(f) = 6*f - 2. Let j be a(2). Let y be (-6*(-124)/60)/(2/j). Suppose -63*x + 56 = -y*x. What are the prime factors of x?
2, 7
Suppose -6*d + g = -d - 41, 2*d - 2*g = 18. Suppose -5*k = -7*k + d, t - 4*k = 302. What are the prime factors of t?
2, 3, 53
Let d = 4175 + -4171. List the prime factors of d.
2
Suppose 81*h = -83*h + 167*h - 180258. What are the prime factors of h?
2, 13, 2311
Let a(b) = -b**3 - 26*b**2 + 86*b - 11. Let m be a(-29). Suppose 3*v - 14*t - 4492 = -m*t, 3*v - t = 4487. What are the prime factors of v?
2, 11, 17
Let d be (-2 - (-92)/1) + (1 - 1). Suppose -5*j + 125 = -3*h - d, 4*j - 172 = -2*h. List the prime factors of (-1 - j)*(-10)/4.
2, 5, 11
Let p = -14724 + 49064. What are the prime factors of p?
2, 5, 17, 101
Suppose -9 = 2*y - 21. Let u(v) = 11*v**2 + 14*v - 16. List the prime factors of u(y).
2, 29
Suppose -143*s + 140*s - 3 = 0. What are the prime factors of (-1939)/(-6 + s) + (-1)/(-1)?
2, 139
Let y(u) be the second derivative of -440*u**3/3 + 11*u**2/2 - 4*u - 1. What are the prime factors of y(-1)?
3, 11
Let u(o) = -3*o**2 - 13*o - 72. Let y be u(-17). Let q = -328 - y. What are the prime factors of q?
2, 3, 5, 13
Suppose 88*q - 79*q = 90. What are the prime factors of q?
2, 5
Let x = 879 + -595. Let o be ((3 - 3) + -1)*-2. Suppose -o*s + 124 = -x. What are the prime factors of s?
2, 3, 17
Suppose -2*i - 3*s = -129588, -18*i = -22*i - 5*s + 259176. List the prime factors of i.
2, 3, 10799
Let b = -58751 - -108759. List the prime factors of b.
2, 7, 19, 47
Let g = 121 - 124. Let a be 8/6*-93*g/(-6). Let b = 331 + a. What are the prime factors of b?
269
Let u = 11738 - 5046. List the prime factors of u.
2, 7, 239
Let j be 2168/(-6)*429/(-22). Suppose 16*v + 10*v - j = 0. List the prime factors of v.
271
Suppos